{"id":766,"date":"2023-08-29T11:08:57","date_gmt":"2023-08-29T09:08:57","guid":{"rendered":"http:\/\/stasziczawiercie.pl\/?page_id=766"},"modified":"2023-08-29T11:08:57","modified_gmt":"2023-08-29T09:08:57","slug":"o-projekcie-2","status":"publish","type":"page","link":"http:\/\/stasziczawiercie.pl\/?page_id=766","title":{"rendered":"O projekcie"},"content":{"rendered":"\n<p style=\"text-align: center;\"><strong>REKRUTACJA<\/strong><\/p>\n<p style=\"text-align: center;\">do projektu:<\/p>\n<p style=\"text-align: center;\"><strong>\u201eStaszic &#8211; aktywni zawodowo III\u201d <\/strong><\/p>\n<p style=\"text-align: center;\">skierowanego <u>do uczni\u00f3w klas III oraz IV<\/u> naszego Technikum,\n\nz kierunku technik informatyk (10 os\u00f3b)\noraz kierunku technik mechatronik (10 os\u00f3b)\n<\/p>\n<p style=\"text-align: center;\">Termin sta\u017cu <strong>18.10.2021 &#8211; 12.11.2021<\/strong> + dni podr\u00f3\u017cy<\/p>\n<p style=\"text-align: center;\">Miejsce sta\u017cu: W\u0142ochy, Cosenza<\/p>\n<p style=\"text-align: center;\"><strong>Udzia\u0142 w projekcie jest bezp\u0142atny<\/strong><\/p>\n<p style=\"text-align: center;\">W ramach projektu zapewniamy:<\/p>\n\n<ul style=\"text-align: center;\">\n \t<li>atrakcyjne sta\u017ce we w\u0142oskich przedsi\u0119biorstwach,<\/li>\n \t<li>transport,<\/li>\n \t<li>noclegi,<\/li>\n \t<li>wy\u017cywienie w postaci \u015bniadania i kolacji,<\/li>\n \t<li>kieszonkowe dla uczni\u00f3w,<\/li>\n \t<li>atrakcyjny program sp\u0119dzania czasu wolnego, w tym wycieczki turystyczne<\/li>\n \t<li>ubezpieczenie,<\/li>\n \t<li>przygotowanie j\u0119zykowe, kulturowe, pedagogiczne i zawodowe przed wyjazdem<\/li>\n<\/ul>\n<p style=\"text-align: center;\">Formularz zg\u0142oszeniowy mo\u017cna pobra\u0107 ze strony internetowej szko\u0142y oraz u pani Anety Mastalerz\nw sali 31 oraz pani Patrycji Urbaniak w sali 39.<\/p>\n<p style=\"text-align: center;\">Wype\u0142niony formularz nale\u017cy z\u0142o\u017cy\u0107 u pani Mastalerz (sala 31) do dnia<strong><u> 30.09.2021 r.<\/u><\/strong><\/p>\n<p style=\"text-align: center;\">Regulamin rekrutacji dost\u0119pny jest na stronie internetowej szko\u0142y i u koordynatora projektu.<\/p>\n<p style=\"text-align: center;\"><strong>Zach\u0119camy do udzia\u0142u w projekcie!!!<\/strong><\/p>\n&nbsp;\n\n\n\n<div class=\"wp-block-file\"><a id=\"wp-block-file--media-f981a937-230b-43a2-99ba-fbd6f70969ba\" href=\"http:\/\/stasziczawiercie.pl\/wp-content\/uploads\/2023\/08\/formularz-zgloszeniowy-2021.docx\">formularz-zgloszeniowy-2021<\/a><a href=\"http:\/\/stasziczawiercie.pl\/wp-content\/uploads\/2023\/08\/formularz-zgloszeniowy-2021.docx\" class=\"wp-block-file__button wp-element-button\" download aria-describedby=\"wp-block-file--media-f981a937-230b-43a2-99ba-fbd6f70969ba\">Pobierz<\/a><\/div>\n\n\n\n<div class=\"wp-block-file\"><a id=\"wp-block-file--media-2bd8d0b3-a8e6-4acc-bba5-066d26dca25e\" href=\"http:\/\/stasziczawiercie.pl\/wp-content\/uploads\/2023\/08\/ogloszenie-o-rekrutacji-2021.docx\">ogloszenie-o-rekrutacji-2021<\/a><a href=\"http:\/\/stasziczawiercie.pl\/wp-content\/uploads\/2023\/08\/ogloszenie-o-rekrutacji-2021.docx\" class=\"wp-block-file__button wp-element-button\" download aria-describedby=\"wp-block-file--media-2bd8d0b3-a8e6-4acc-bba5-066d26dca25e\">Pobierz<\/a><\/div>\n\n\n\n<div class=\"wp-block-file\"><a id=\"wp-block-file--media-afec41cb-3ae8-4ee5-b7c3-2c698ae4c12b\" href=\"http:\/\/stasziczawiercie.pl\/wp-content\/uploads\/2023\/08\/regulamin-rekrutacji-2021.docx\">regulamin-rekrutacji-2021<\/a><a href=\"http:\/\/stasziczawiercie.pl\/wp-content\/uploads\/2023\/08\/regulamin-rekrutacji-2021.docx\" class=\"wp-block-file__button wp-element-button\" download aria-describedby=\"wp-block-file--media-afec41cb-3ae8-4ee5-b7c3-2c698ae4c12b\">Pobierz<\/a><\/div>\n","protected":false},"excerpt":{"rendered":"<p>REKRUTACJA do projektu: \u201eStaszic &#8211; aktywni zawodowo III\u201d skierowanego do uczni\u00f3w klas III oraz IV naszego Technikum, z kierunku technik<\/p>\n","protected":false},"author":1,"featured_media":0,"parent":0,"menu_order":0,"comment_status":"closed","ping_status":"closed","template":"","meta":{"footnotes":""},"class_list":["post-766","page","type-page","status-publish","hentry"],"_links":{"self":[{"href":"http:\/\/stasziczawiercie.pl\/index.php?rest_route=\/wp\/v2\/pages\/766","targetHints":{"allow":["GET"]}}],"collection":[{"href":"http:\/\/stasziczawiercie.pl\/index.php?rest_route=\/wp\/v2\/pages"}],"about":[{"href":"http:\/\/stasziczawiercie.pl\/index.php?rest_route=\/wp\/v2\/types\/page"}],"author":[{"embeddable":true,"href":"http:\/\/stasziczawiercie.pl\/index.php?rest_route=\/wp\/v2\/users\/1"}],"replies":[{"embeddable":true,"href":"http:\/\/stasziczawiercie.pl\/index.php?rest_route=%2Fwp%2Fv2%2Fcomments&post=766"}],"version-history":[{"count":1,"href":"http:\/\/stasziczawiercie.pl\/index.php?rest_route=\/wp\/v2\/pages\/766\/revisions"}],"predecessor-version":[{"id":770,"href":"http:\/\/stasziczawiercie.pl\/index.php?rest_route=\/wp\/v2\/pages\/766\/revisions\/770"}],"wp:attachment":[{"href":"http:\/\/stasziczawiercie.pl\/index.php?rest_route=%2Fwp%2Fv2%2Fmedia&parent=766"}],"curies":[{"name":"wp","href":"https:\/\/api.w.org\/{rel}","templated":true}]}}